mainder when 11 is divided by 4/5*z/14.
5
Let s(g) = -g**2 + 18*g - 9. What is the remainder when s(17) is divided by 5?
3
Calculate the remainder when 3/4 + (-305)/(-20) is divided by 99/12 + 6/8.
7
Let i(h) = -2*h + 2. Let r be i(-6). Suppose 2*p - f - r = 0, -3*p + 26 = f - 0*f. What is the remainder when 21 is divided by p?
5
Suppose 0 = -3*s - s - u + 25, -s + 2*u + 13 = 0. What is the remainder when 20 is divided by s?
6
Let h be ((-8)/(-20))/((-2)/20). Let o(t) = -t**2 + 8*t - 3. Calculate the remainder when (-304)/(-14) + h/(-14) is divided by o(5).
10
Suppose r - 52 = 2*z, -2*z + 104 = -6*z - 2*r. Let t = -3 - z. Calculate the remainder when t is divided by 12.
11
Suppose 21*t = 18*t. Suppose t = 4*i + 1 - 53. Calculate the remainder when i is divided by 4.
1
Suppose 3*r + 5 = m + 3*m, -r = -4*m + 15. Suppose 2*u = m*a - 5 - 0, 0 = u + a + 13. What is the remainder when 27 is divided by (-70)/(-4)*(-8)/u?
13
Let s = -119 + 202. What is the remainder when s is divided by 21?
20
Suppose n = 2*s, -2*n - 2*n = 5*s - 26. Suppose -2*j = -6*j + n*v + 24, -5*j - 2*v = -16. Calculate the remainder when j is divided by 2.
0
Suppose 3*q - 3 + 0 = 0. Suppose -4*w + 16 = -0. Calculate the remainder when 22/18 - w/18 is divided by q.
0
Let o = 53 + -34. Let m = 120 + -66. What is the remainder when m is divided by o?
16
Let h(x) = -x**3 + x + 9. Let k be h(0). Let z = 22 + -16. Suppose 3*g + z = 2*a, 3*g = 4*a - 27 + k. What is the remainder when 22 is divided by a?
4
Let d(y) be the second derivative of y**4/12 + y**3/2 + 5*y**2/2 + 4*y. What is the remainder when 57 is divided by d(-5)?
12
Suppose -2*a + 9 = -3. Suppose z + 30 = a*z. Let m = -1 + z. Calculate the remainder when m is divided by 2.
1
Let g = 19 - 4. What is the remainder when -80*3*(-2)/g is divided by 11?
10
What is the remainder when (-3)/(-4) - (-3619)/44 is divided by 22?
17
Suppose -u + 23 = t, 3*t + u - 92 = -t. Calculate the remainder when 41 is divided by t.
18
Suppose -s + 11 = -17. Calculate the remainder when 110 is divided by s.
26
Let g be -2*(37/(-2) + 1). Suppose 3*v + 5*z = 23, g = 4*v + 5*z + 11. What is the remainder when 76/4 - (v + -1) is divided by 7?
5
Suppose -4*w - 3*r = -64 - 132, -112 = -2*w + 2*r. What is the remainder when w is divided by (2 + 2 - 1)*3?
7
Let r = 23 + 20. Calculate the remainder when r is divided by 15.
13
Let p(a) = 5*a**2 - 2*a + 1. Let j be 2/(-10) + (-130)/(-25). Suppose 0 = 3*m + 6, 0*z + j*z + 2*m - 26 = 0. What is the remainder when z is divided by p(1)?
2
Let i = -24 + 44. Calculate the remainder when i is divided by 7.
6
Suppose -5*w = -w + 60. Let z be (2 + 18/(-4))*-10. Let t = w + z. What is the remainder when 18 is divided by t?
8
Let t = -69 + 102. Let z = -20 + t. Calculate the remainder when 37 is divided by z.
11
Let p = -29 + 44. What is the remainder when 41 is divided by p?
11
Suppose 0*r + 4*c = 2*r - 28, 3*r - 4*c = 44. Let l(o) = -4 + 5*o - 3*o + 5*o. What is the remainder when l(5) is divided by r?
15
Let o(h) = -2*h - 2. Let f be o(-3). Calculate the remainder when 23 is divided by f*-2*-1 + 0.
7
Suppose 7 = a - 2*f, 3*a = 5*a + f + 1. Let y = 10 + -7. Calculate the remainder when y is divided by a.
0
Let a(g) = -g**3 - 6*g**2 + 2*g - 20. Calculate the remainder when 56 is divided by a(-7).
11
Suppose -4*s + 0 = 2*l - 22, l = s - 10. Calculate the remainder when 20 is divided by s.
6
Suppose 56 = 49*m - 45*m. Calculate the remainder when m is divided by 5.
4
Suppose 3*f = 3*p - 225, p + 4*f - 24 = 76. What is the remainder when p is divided by (-7)/(-1)*(-2 - -5)?
17
Let k = 2 + 2. Suppose n - 3*n + 28 = -3*u, -2*n + 28 = -k*u. What is the remainder when 4/n + 374/14 is divided by 14?
13
Let r = 56 - 38. Calculate the remainder when 52 is divided by r.
16
Let x(b) = 2*b**3 + 2*b**2 - b. Let f(r) = -r**2 + 6*r + 1. Let m be f(6). Calculate the remainder when 7 is divided by x(m).
1
Let u(s) = s**3 - 9*s**2 + 9*s - 4. Let n = -1 + 9. What is the remainder when 6 is divided by u(n)?
2
Suppose -3*c + 17 = -4*v, 1 = 3*c + v - 6. What is the remainder when 48 is divided by c?
0
Let v(a) = a**3 - 3*a**2 - 3*a + 5. Let k = -9 - -15. What is the remainder when 100/k*(-9)/(-6) is divided by v(4)?
7
Let m = -153 + 167. What is the remainder when 51 is divided by m?
9
Suppose -4*z = -189 + 37. What is the remainder when z is divided by 13?
12
Suppose k - 11 = 9. Suppose 3*d - i = -2, 4*i = 2*d - 3*d + 8. Suppose 5*u + 80 - 370 = d. What is the remainder when u is divided by k?
18
Suppose 0 = 4*q - 2*y + 1 + 3, -3*q + 11 = -5*y. Let m be -16 - (q - (-2)/1). Calculate the remainder when 8 is divided by (-1)/6*2*m.
3
Suppose -7*i = -2*i - 30. What is the remainder when i is divided by 2?
0
Suppose d - 2 = 2. Suppose 592 = d*q + o, 107 = q - o - 36. Suppose -4*m = -q + 35. Calculate the remainder when m is divided by 15.
13
Let z = -22 + 26. Suppose -35 - 41 = -2*u - z*g, 20 = 5*g. What is the remainder when u is divided by 11?
8
Suppose 3*b = 5*b + 10. Let v be (b/10)/(2/4). Let y = 10 + v. Calculate the remainder when 26 is divided by y.
8
Suppose -3*l + 15 = -9. Suppose 0*z - 1 = -z - 2*v, -5*z = 4*v - 23. Suppose -16 = -3*s - z. Calculate the remainder when l is divided by s.
2
Let i = -5 - -8. Calculate the remainder when (2/3)/(10/60) is divided by i.
1
Suppose 22 = 4*t - 2*o + 2, 4*t + 2*o - 20 = 0. Let u be 321/6 + (-2)/4. Suppose u = 4*f + 1. Calculate the remainder when f is divided by t.
3
Let o(i) = i + 4. Let q be o(0). Suppose -m = -2, d - 2*m = -0*d + q. Suppose -5*p + 60 + 55 = 0. Calculate the remainder when p is divided by d.
7
What is the remainder when ((-276)/18 - 3)*-3 is divided by 14?
13
Let c(g) = g**2 + 6*g - 7. Let x be c(-7). Let a = x - -7. Calculate the remainder when (-1)/2 + 82/4 is divided by a.
6
Suppose -4*l - 4*r - 4 = 0, 3*l + 3*r - 9 = 2*l. What is the remainder when ((-1)/(-2))/((-3)/l) is divided by 1?
0
Suppose 0 = -4*z - 12, 0 = -5*h + z - 2*z - 23. Let l be 6/h*20/(-6). Suppose 3*x + 4*s - 33 = s, 4*x - 48 = -l*s. What is the remainder when x is divided by 3?
1
Let f = 8 - 3. Let g(y) = y - 3 + y**3 - 2*y**3 - 3*y**2 + 0*y**3. What is the remainder when g(-4) is divided by f?
4
Let k = 26 + 7. Suppose 0 = 4*y - 3*w - k, 23 = -2*y - 5*w + 72. What is the remainder when 46 is divided by y?
10
Let c = 31 + -18. Calculate the remainder when c is divided by 4.
1
Suppose -11 = -4*n + 3*n. Calculate the remainder when 54 is divided by n.
10
Let k(t) = t + 21 - 6 + 5. Let h(f) = -f - 2. Let b be h(-2). Calculate the remainder when k(b) is divided by 11.
9
Let v = -110 + 119. Calculate the remainder when 29 is divided by v.
2
Let p(r) = -r**2 + r + 1. Let m(b) = -6*b**2 + 6*b + 7. Let f(g) = -m(g) + 5*p(g). Calculate the remainder when f(-4) is divided by 10.
8
Suppose l - m = 4*m + 129, -2*m - 552 = -4*l. What is the remainder when l is divided by 35?
34
Let q = -4 + 9. Suppose -105 - 10 = -q*c. Calculate the remainder when 44 is divided by c.
21
Calculate the remainder when (-12)/(-72) + 7*(-10)/(-12) is divided by 4.
2
Let b = 9 - 5. Suppose 0*k + 4*k + 3*d = 23, b*k + 7 = 3*d. Suppose -3*z - 19 = -k*h, 6*z + 50 = 5*h + z. Calculate the remainder when h is divided by 6.
5
Let z(k) = -7*k + 2. Suppose 3*d + 4*d - 203 = 0. What is the remainder when d is divided by z(-2)?
13
Suppose -l - 96 = -3*o, 3*o = -5*l + l + 96. Suppose 4*n - 12 = o. Let v = -10 + n. Calculate the remainder when 1 is divided by v.
0
Let j(x) = -x**3 - x**2 + x + 1. Let g(p) = -5*p**3 - 5*p**2 + 6*p - 43. Let f(q) = -g(q) + 6*j(q). What is the remainder when f(0) is divided by 13?
10
Suppose 11 = -2*a + 3*k + 39, k + 20 = 2*a. Suppose 61 = -3*p - 113. Let h = 88 + p. Calculate the remainder when h is divided by a.
6
Suppose o - 7 = -2. Suppose 0 = o*y - 40 - 245. What is the remainder when y is divided by 12?
9
Suppose -5*y - 4*b = -136, 7 = -3*b + 4. Calculate the remainder when y is divided by 6.
4
Let a(m) = -m**3 - 9*m**2 + 4*m. What is the remainder when a(-10) is divided by 22?
16
Let h(y) = -y**2 - 12*y - 9. What is the remainder when 5 is divided by h(-11)?
1
Let z be 1/(1/1) - -40. Suppose z = a - 9. What is the remainder when a is divided by (-34)/4*4/(-2)?
16
Let h be (-1)/(-3) + (-66)/(-18). Suppose -h*q 